 -2*t + j = 2*v - 9, 3*v + 5*t - 37 = 0. Let q = 10 + v. Calculate the remainder when q is divided by 8.
6
What is the remainder when 4/(-3)*(-4 + (-67)/2) is divided by 20?
10
Let j be 4/(1/(-3)*-2). Suppose -2*p + j*p = 172. Calculate the remainder when p is divided by 23.
20
Let w = 14 + -2. What is the remainder when 34 is divided by w?
10
Suppose -1 = -5*d - 4*h - 2, 0 = 2*d + 4*h - 2. Let i be (0 + 1 - -28)*d. Let c = 42 + i. What is the remainder when c is divided by 5?
3
Suppose -4*u + 19 = -g, -6*u + 3*g = -3*u - 12. Let l(t) = 5*t + 1. Calculate the remainder when l(u) is divided by 14.
12
Suppose -3*j + 5 + 10 = 0. Let w be 3 + 2*(2 + -3). Suppose -k = -7 - w. Calculate the remainder when k is divided by j.
3
Suppose 5*m + 2*l = 214, -2*m = -7*m + l + 223. What is the remainder when m is divided by 24?
20
Let m be ((-9)/6)/(2/4). Let s = -41 + 69. What is the remainder when s is divided by 2 - (-1 + 36/m)?
13
Calculate the remainder when 70 is divided by 30*(24/10)/6.
10
Let q = -156 - -200. Calculate the remainder when q is divided by 25.
19
Let k(m) = -m**3 + 12*m**2 + m - 4. Calculate the remainder when 13 is divided by k(12).
5
Suppose -36 - 24 = -6*k. Let i = 5 + 8. Suppose -h - i = -32. Calculate the remainder when h is divided by k.
9
Suppose -5*g = q - 29, 25 = q + q - g. Calculate the remainder when 68 is divided by q.
12
Let x(n) = n**2 - 3*n + 23. What is the remainder when x(6) is divided by 6?
5
Suppose 3*g - 3 = -0*g + 5*q, -g + 4*q = -8. Let u be (-32)/12*18/(-8). Let v = u - g. Calculate the remainder when 29 is divided by v.
9
Let l(s) be the second derivative of s**4/3 + 2*s**3/3 - s**2/2 + 3*s. Calculate the remainder when l(-4) is divided by 16.
15
Let n = -55 - -130. Calculate the remainder when n is divided by 13.
10
Let h(q) = q**3 + 4*q**2 - 6*q - 3. Let j be h(-5). Suppose -x - 7 = -j*x. Calculate the remainder when 12 is divided by x.
5
Let l = -57 - -40. Let h = -4 - l. What is the remainder when 38 is divided by h?
12
Calculate the remainder when 23 is divided by 51 + -36 - (1 + 2/2).
10
Suppose -44 = -4*s - 0*s. Let x = s - 8. Calculate the remainder when 8 is divided by x.
2
Suppose 2*h - 45 = 53. Let r(d) = -d - 4. Let l(y) = -3. Let p(z) = 5*l(z) - 4*r(z). Calculate the remainder when h is divided by p(3).
10
Calculate the remainder when 3 - (0/2 + 0) is divided by 2.
1
Let i(p) = 13*p + 1. Let f(a) = 7*a. Let c(g) = 7*f(g) - 4*i(g). Let s be c(-3). Suppose -28 = -3*q + s. Calculate the remainder when q is divided by 4.
3
Let n(i) = -6*i + 5. What is the remainder when n(-2) is divided by 5?
2
Let g(r) = -r + 11. What is the remainder when 61 is divided by g(-10)?
19
Suppose 10*f = 8*f + 100. Suppose 4*a = -4*j + 32, -2*j = -a - 3*a + f. What is the remainder when a is divided by 7?
4
Let h(k) = -2 - 6*k + 6*k - 3*k**2 - k**3. Let u be h(-4). Suppose y - 3*y + u = 0. Calculate the remainder when 12 is divided by y.
5
Suppose 3*b + 3*b = 6. Suppose c + 0 - 3 = 0. Calculate the remainder when 0 + (1 + b - -7) is divided by c.
0
Let o = -64 - -125. Calculate the remainder when o is divided by 21.
19
Let z(o) be the second derivative of o**5/20 + 7*o**4/12 + 7*o**3/6 + o**2 + 4*o. Let x be -10*(3 + 5/(-2)). Calculate the remainder when z(x) is divided by 6.
5
Let v = -49 + 52. Calculate the remainder when v is divided by 5/4 + (-2)/8.
0
Calculate the remainder when 23 is divided by ((-56)/10)/((-2)/5).
9
Suppose 2*n - 2*i - 8 = 32, -n + 5*i = 0. Suppose -146 = -2*u - 48. What is the remainder when u is divided by n?
24
Let o = 6 - 9. Let c be (-2)/o*-3 - -80. Suppose 2*u = 5*u - c. Calculate the remainder when u is divided by 9.
8
Suppose o = 3*o - 88. Calculate the remainder when 87 is divided by o.
43
Suppose 0 = -n + 2*c + 16, -n + 4*c + 11 = -7. Let m = n - 8. What is the remainder when 16 is divided by m?
4
Suppose -2*h + 16 - 2 = 0. Suppose 0 = 2*l - 5*b - 30, -5*l - 5*b + 0*b + 110 = 0. What is the remainder when l is divided by h?
6
Suppose 0 = -u - 36 + 125. Calculate the remainder when u is divided by 46.
43
Let a = 1 - -2. Suppose 4*s = a*f + 142, -52 = -3*s + 3*f + 53. Let g(l) = l**2 + l + 1. What is the remainder when s is divided by g(-4)?
11
Let p(f) = f**2 + 4*f + 3. Let q(b) = -b**2 + 8*b - 4. Let d be q(8). Suppose 0*u + 5 = -5*u, -18 = -5*t + 3*u. What is the remainder when t is divided by p(d)?
0
Suppose 0*c = i - 3*c + 1560, 4*c + 4654 = -3*i. Calculate the remainder when (-4)/(-26) + i/(-39) is divided by ((-21)/(-2))/(2/4).
19
Suppose 5*i - 26 - 19 = 0. Let j = -6 + i. Calculate the remainder when 4 is divided by j.
1
What is the remainder when 60 is divided by 0 - (-1)/(-2) - 51/(-6)?
4
Let s be -1 - -7 - (4 + -7). Suppose s*m = 11*m - 110. What is the remainder when m is divided by 14?
13
Let p = 31 + -18. Suppose 0 = b - 4*b. Suppose b = 2*r + 2*s - 2, -r = 3*s + 2 + 5. Calculate the remainder when p is divided by r.
3
Suppose -3*a + a = -12. Calculate the remainder when 20 is divided by a.
2
Let r be 3 + (-2 - 1) + 0. Let h(t) = -t**3 + t + 13. Suppose 2*a - 12 = -2*n, n + 1 = -2*a + 6. Calculate the remainder when h(r) is divided by n.
6
Let t be 14 + 0/(-1) + 0. Suppose -3*y + y + t = 0. Suppose 2*s + s = 36. Calculate the remainder when s is divided by y.
5
Suppose -2*a - 1 = -11. Let x(y) = 6*y + 1. What is the remainder when x(1) is divided by a?
2
Suppose 4*u - 69 = 3*x + 62, -4*u - 5*x = -155. What is the remainder when u is divided by 10?
5
Let x = 1 + 4. Suppose -x*d - 45 = 2*g, -3*d + 10 = -2*g - d. What is the remainder when 48/g*15/(-2) is divided by 19?
17
Suppose 236 - 956 = -12*t. Calculate the remainder when t is divided by 21.
18
Let t(f) = -10*f - 27. Calculate the remainder when t(-6) is divided by 19.
14
Let o(b) = 6*b + 1. What is the remainder when o(7) is divided by 23?
20
Suppose i = 3*z - 4, 5*z - 4 = 2*i + 2. Let x(j) = 3*j**2 - 3*j + 2. Let h be x(i). Suppose 2*l - 18 = h. Calculate the remainder when l is divided by 8.
5
What is the remainder when ((-36)/(-10))/(20/50)*17 is divided by 31?
29
Let p = 17 - 11. Let s = 291 - 286. Calculate the remainder when (-1)/(-3) - (-106)/p is divided by s.
3
Let v(h) = h**3 - 9*h**2 + 9*h - 1. Suppose 0 = 4*w - 75 - 21. Suppose 3*n = -0 + w. What is the remainder when 20 is divided by v(n)?
6
Suppose 2*z - 21 = -k, -z + 4*z - 91 = -5*k. Calculate the remainder when 48 is divided by k.
14
Let g = -7 + 26. Calculate the remainder when g is divided by 5.
4
Let y(i) = -i**2 + 14*i - 5. What is the remainder when y(9) is divided by 11?
7
Let n be (-4)/((-8)/6) + -1. Suppose -2*i - n*i = -72. Suppose 4*v = 4*z - 54 - 66, 84 = 2*z + 4*v. What is the remainder when z is divided by i?
16
Let c(h) = h + 26. Let t be c(-11). Let p = 13 + -8. Suppose t = -p*v + 70. What is the remainder when 20 is divided by v?
9
Suppose -5*x = -3*x - 18. What is the remainder when 15 is divided by x?
6
Suppose 0 = c + 2*c + 15, 65 = 5*d - 2*c. Calculate the remainder when 63 is divided by d.
8
Suppose 8*f = 3*f + 45. What is the remainder when 24 is divided by f?
6
Suppose 7 - 2 = -a. Let i(p) = -p**3 - 6*p**2 - 7*p + 1. What is the remainder when 40 is divided by i(a)?
7
Let v(g) = 2*g**3. Let r be v(1). Suppose -r*j + 6 = u, -4*j + u + 4*u = -40. Suppose j*q - 76 = q. Calculate the remainder when q is divided by 10.
9
Let a(r) = 2*r - 6. Calculate the remainder when 18 is divided by a(5).
2
Suppose 2*c - 11 = -1. Let k be 13 + -3 - -1*1. Let o = k - -2. What is the remainder when o is divided by c?
3
Suppose -i = 25 - 35. Calculate the remainder when 12 is divided by i.
2
Let k(l) be the first derivative of 0*l - 2*l + 3 + 5*l + l**2. Calculate the remainder when k(5) is divided by 4.
1
Let t(f) = -1 - f + 12 + 2. Let u be t(0). Let v = u - 6. Calculate the remainder when 19 is divided by v.
5
Let l = -2 - -5. Suppose 20 = 4*p + f, p - 2*f - 8 = -l*p. Suppose -4*n = -5*r + 39, -3*n = -5*r + 32 + 11. Calculate the remainder when r is divided by p.
3
Suppose 2*l = -2*l + 116. Let t = 54 - l. Let h(g) = g**2 + 4*g - 3. What is the remainder when t is divided by h(2)?
7
Suppose -w = 3 + 7. Suppose 0*h + h = 18. Let y = w + h. Calculate the remainder when 15 is divided by y.
7
Calculate the remainder when 0*5/15 + 31 is divided by 7.
3
Su